ue
Does 44 divide 1073?
False
Does 6 divide 1461?
False
Is 9 a factor of 7719?
False
Is 102 a factor of 19706?
False
Is 51 a factor of 357?
True
Is 16 a factor of 240?
True
Is 170 a multiple of 170?
True
Is 50 a factor of 793?
False
Does 31 divide 74891?
False
Does 29 divide 29174?
True
Is 10323 a multiple of 9?
True
Is 7434 a multiple of 177?
True
Is 4724 a multiple of 39?
False
Does 125 divide 8616?
False
Does 5 divide 640?
True
Is 27 a factor of 14648?
False
Does 61 divide 40567?
False
Is 8 a factor of 11809?
False
Is 44 a factor of 1509?
False
Is 5985 a multiple of 5?
True
Is 20938 a multiple of 29?
True
Is 43208 a multiple of 88?
True
Is 13396 a multiple of 82?
False
Is 87 a factor of 1653?
True
Is 40 a factor of 845?
False
Is 30 a factor of 718?
False
Does 83 divide 2901?
False
Does 87 divide 2576?
False
Is 15 a factor of 231?
False
Does 12 divide 5268?
True
Is 2784 a multiple of 4?
True
Does 66 divide 17057?
False
Does 82 divide 2305?
False
Does 48 divide 1920?
True
Is 30258 a multiple of 246?
True
Is 410 a factor of 70654?
False
Is 1330 a multiple of 47?
False
Does 16 divide 2016?
True
Does 68 divide 567?
False
Is 12 a factor of 13378?
False
Is 5 a factor of 6040?
True
Is 11 a factor of 704?
True
Does 66 divide 6666?
True
Is 67 a factor of 3823?
False
Is 10 a factor of 3517?
False
Is 3780 a multiple of 30?
True
Is 1330 a multiple of 14?
True
Is 3144 a multiple of 24?
True
Is 68 a factor of 61830?
False
Is 5 a factor of 1377?
False
Is 45 a factor of 11205?
True
Does 51 divide 840?
False
Is 7 a factor of 176?
False
Does 12 divide 23628?
True
Does 35 divide 45729?
False
Is 12880 a multiple of 28?
True
Is 717 a multiple of 66?
False
Is 526 a multiple of 37?
False
Is 74 a factor of 51134?
True
Is 17 a factor of 42432?
True
Is 7 a factor of 6652?
False
Is 13 a factor of 10881?
True
Is 17 a factor of 4337?
False
Does 95 divide 34057?
False
Is 17 a factor of 842?
False
Is 85105 a multiple of 28?
False
Is 3 a factor of 550?
False
Is 59 a factor of 118?
True
Is 10 a factor of 200?
True
Does 8 divide 4328?
True
Does 5 divide 450?
True
Is 28 a factor of 659?
False
Is 7 a factor of 6706?
True
Does 7 divide 372?
False
Does 36 divide 3177?
False
Does 19 divide 304?
True
Is 28 a factor of 72414?
False
Does 27 divide 23554?
False
Is 40 a factor of 1120?
True
Is 4524 a multiple of 12?
True
Is 16456 a multiple of 13?
False
Is 1210 a multiple of 22?
True
Is 2730 a multiple of 210?
True
Is 53 a factor of 9259?
False
Is 9 a factor of 1146?
False
Is 14890 a multiple of 12?
False
Does 5 divide 343?
False
Is 9 a factor of 2713?
False
Is 1814 even?
True
Is 10 a factor of 4740?
True
Is 118 a factor of 40749?
False
Is 3369 a multiple of 221?
False
Is 20 a factor of 5700?
True
Is 19 a factor of 68?
False
Is 49 a factor of 7582?
False
Is 115138 a multiple of 23?
True
Does 62 divide 4650?
True
Does 6 divide 12109?
False
Is 6 a factor of 14619?
False
Does 47 divide 10420?
False
Is 37 a factor of 13846?
False
Is 25 a factor of 9789?
False
Does 4 divide 1019?
False
Is 12192 a multiple of 12?
True
Is 3430 a multiple of 7?
True
Does 21 divide 695?
False
Does 82 divide 3551?
False
Is 146 even?
True
Is 29 a factor of 44923?
False
Is 6 a factor of 18637?
False
Is 33 a factor of 37521?
True
Is 119 a factor of 1904?
True
Does 46 divide 60260?
True
Does 28 divide 1130?
False
Does 13 divide 1079?
True
Does 85 divide 22514?
False
Is 2062 a multiple of 4?
False
Is 138331 a multiple of 22?
False
Is 10 a factor of 6342?
False
Does 57 divide 1472?
False
Is 47 a factor of 1974?
True
Is 1124 a multiple of 23?
False
Is 10672 a multiple of 58?
True
Does 8 divide 656?
True
Is 219 a multiple of 73?
True
Is 69 a factor of 8211?
True
Is 21 a factor of 699?
False
Is 5833 a multiple of 43?
False
Is 30 a factor of 633?
False
Is 5 a factor of 195?
True
Does 12 divide 10656?
True
Does 27 divide 572?
False
Is 37 a factor of 1092?
False
Is 23 a factor of 3641?
False
Is 11 a factor of 1284?
False
Is 4123 a multiple of 19?
True
Is 3370 a multiple of 15?
False
Is 6137 a multiple of 17?
True
Is 10 a factor of 598?
False
Is 64 a factor of 6659?
False
Is 30 a factor of 480?
True
Is 9 a factor of 22333?
False
Does 4 divide 4133?
False
Is 2775 a multiple of 78?
False
Is 20 a factor of 14447?
False
Is 9313 a multiple of 58?
False
Is 3 a factor of 46?
False
Does 71 divide 924?
False
Is 1920 a multiple of 32?
True
Does 14 divide 28510?
False
Is 1770 a multiple of 9?
False
Is 5440 a multiple of 8?
True
Does 51 divide 102?
True
Is 58 a factor of 2146?
True
Does 11 divide 23163?
False
Is 31724 a multiple of 11?
True
Is 30122 a multiple of 34?
False
Does 5 divide 36550?
True
Is 142 a multiple of 142?
True
Is 42360 a multiple of 24?
True
Does 15 divide 315?
True
Does 16 divide 648?
False
Does 3 divide 12?
True
Does 15 divide 255?
True
Is 1571 a multiple of 7?
False
Is 9 a factor of 3150?
True
Is 19 a factor of 627?
True
Is 82 a factor of 3772?
True
Is 9 a factor of 2101?
False
Does 9 divide 35847?
True
Is 967 a multiple of 5?
False
Does 25 divide 75?
True
Is 12 a factor of 2232?
True
Does 181 divide 7510?
False
Does 180 divide 40755?
False
Is 5 a factor of 2415?
True
Is 3 a factor of 931?
False
Is 238 a multiple of 17?
True
Does 101 divide 1741?
False
Is 4 a factor of 484?
True
Is 64260 a multiple of 21?
True
Is 256 a factor of 4864?
True
Is 1272 a multiple of 12?
True
Is 10081 a multiple of 11?
False
Does 6 divide 23658?
True
Does 5 divide 1755?
True
Is 64602 a multiple of 37?
True
Is 12 a factor of 421?
False
Does 14 divide 2072?
True
Is 20 a factor of 108?
False
Is 2 a factor of 37?
False
Is 10500 a multiple of 75?
True
Is 10 a factor of 70640?
True
Is 31824 a multiple of 51?
True
Is 62 a factor of 1798?
True
Does 5 divide 11195?
True
Does 4 divide 1273?
False
Is 72 a factor of 15552?
True
Does 109 divide 48106?
False
Is 558 a multiple of 45?
False
Does 54 divide 1451?
False
Is 49 a factor of 12729?
False
Does 2 divide 5230?
True
Does 18 divide 15732?
True
Does 47 divide 62016?
False
Does 12 divide 2614?
False
Is 416 a multiple of 52?
True
Is 14 a factor of 37030?
True
Is 401 a multiple of 13?
False
Is 1344 a multiple of 16?
True
Is 444 a multiple of 22?
False
Is 1221 a multiple of 20?
False
Is 212 a factor of 36790?
False
Does 23 divide 54990?
False
Does 9 divide 5246?
False
Is 375 a multiple of 3?
True
Is 447 a multiple of 3?
True
Does 59 divide 16897?
False
Is 91 a factor of 26822?
False
Is 13485 a multiple of 155?
True
Is 56 a factor of 531?
False
Does 5 divide 185?
True
Is 193 a multiple of 4?
False
Does 30 divide 10639?
False
Is 358 a multiple of 2?
True
Is 1038 a multiple of 52?
False
Does 53 divide 819?
False
Is 50 a factor of 2643?
False
Does 8 divide 9244?
False
Is 26 a factor of 257?
False
Is 4 a factor of 123?
False
Does 41 divide 8979?
True
Is 17 a factor of 56745?
False
Does 19 divide 2964?
True
Is 4 a factor of 592?
True
Is 335 a multiple of 15?
False
Is 427 a multiple of 4?
False
Is 12852 a multiple of 63?
True
Does 20 divide 3000?
True
Is 4 a factor of 632?
True
Is 17 a factor of 53805?
True
Is 133 a factor of 5213?
False
Is 140 a factor of 5460?
True
Is 7409 a multiple of 157?
False
Is 2455 a multiple of 16?
False
Is 2 a factor of 72?
True
Is 345 a factor of 31155?
False
Does 10 divide 787?
False
Does 40 divide 5763?
False
Is 136 a multiple of 42?
False
Is 5488 a multiple of 112?
True
Does 13 divide 936?
True
Is 129 a multiple of 12?
False
Is 36 a factor of 6156?
True
Is 30 a factor of 90?
True
Does 12 divide 12384?
True
Is 2445 a multiple of 15?
True
Does 39 divide 2375?
False
Is 85 a factor of 5744?
False
Is 34 a factor of 884?
True
Is 57 a factor of 873?
False
Does 17 divide 479?
False
Does 20 divide 3801?
False
Does 65 divide 1590?
False
Does 10 divide 290?
True
Is 395 a multiple of 18?
False
Does 3 divide 4307?
False
Is 4 a factor of 30064?
True
Is 23712 a multiple of 57?
True
Is 1188 a multiple of 10?
False
Is 8031 a multiple of 42?
False
Is 2389 a multiple of 45?
False
Is 7104 a multiple of 33?
False
Is 41625 a multiple of 333?
True
Is 45940 a multiple of 10?
True
Is 31 a factor of 22236?
False
Does 9 divide 162?
True
Is 973 a multiple of 8?
False
Does 23 divide 2139?
True
Does 41 divide 9116?
False
Does 96 divide 119232?
True
Does 4 divide 6695?
False
Does 10 divide 5903?
False
I